{"id":25,"date":"2016-02-12T08:13:22","date_gmt":"2016-02-12T08:13:22","guid":{"rendered":"http:\/\/demos.famethemes.com\/onepress\/?page_id=25"},"modified":"2021-11-09T16:38:22","modified_gmt":"2021-11-09T16:38:22","slug":"nuestro-adn","status":"publish","type":"page","link":"https:\/\/asterati.com.mx\/index.php\/nuestro-adn\/","title":{"rendered":"Nuestro ADN"},"content":{"rendered":"<p>Asterati es un proveedor de servicios para empresas. Nuestro equipo de especialistas podr\u00e1 asesorarte sobre cualquier tipo de producto o servicio que necesites y proceder al suministro bajo los m\u00e1s exigentes est\u00e1ndares de calidad.<\/p>\n<p>Nuestro objetivo es proporcionar proyectos a medida. Para ello realizamos estudios previos en los que entendemos las necesidades de nuestros clientes a los cuales acompa\u00f1amos desde el comienzo de la idea hasta su completa consecuci\u00f3n y mantenimiento.<\/p>\n<p><\/p>\n\n\n<div class=\"wp-block-image\"><figure class=\"aligncenter size-full\"><img decoding=\"async\" src=\"https:\/\/asterati.com.mx\/wp-content\/uploads\/2021\/11\/adn-1.jpg\" alt=\"\" class=\"wp-image-1500\"\/><\/figure><\/div>\n","protected":false},"excerpt":{"rendered":"<p>Asterati es un proveedor de servicios para empresas. Nuestro equipo de especialistas podr\u00e1 asesorarte sobre cualquier tipo de producto o servicio que necesites y proceder al suministro bajo los m\u00e1s exigentes est\u00e1ndares de calidad.<\/p>\n","protected":false},"author":2,"featured_media":0,"parent":0,"menu_order":0,"comment_status":"closed","ping_status":"closed","template":"template-fullwidth-stretched.php","meta":{"footnotes":""},"class_list":["post-25","page","type-page","status-publish","hentry"],"_links":{"self":[{"href":"https:\/\/asterati.com.mx\/index.php\/wp-json\/wp\/v2\/pages\/25","targetHints":{"allow":["GET"]}}],"collection":[{"href":"https:\/\/asterati.com.mx\/index.php\/wp-json\/wp\/v2\/pages"}],"about":[{"href":"https:\/\/asterati.com.mx\/index.php\/wp-json\/wp\/v2\/types\/page"}],"author":[{"embeddable":true,"href":"https:\/\/asterati.com.mx\/index.php\/wp-json\/wp\/v2\/users\/2"}],"replies":[{"embeddable":true,"href":"https:\/\/asterati.com.mx\/index.php\/wp-json\/wp\/v2\/comments?post=25"}],"version-history":[{"count":3,"href":"https:\/\/asterati.com.mx\/index.php\/wp-json\/wp\/v2\/pages\/25\/revisions"}],"predecessor-version":[{"id":1508,"href":"https:\/\/asterati.com.mx\/index.php\/wp-json\/wp\/v2\/pages\/25\/revisions\/1508"}],"wp:attachment":[{"href":"https:\/\/asterati.com.mx\/index.php\/wp-json\/wp\/v2\/media?parent=25"}],"curies":[{"name":"wp","href":"https:\/\/api.w.org\/{rel}","templated":true}]}}